 13, 113
What are the prime factors of 4916?
2, 1229
What are the prime factors of 184305?
3, 5, 11, 1117
What are the prime factors of 214?
2, 107
List the prime factors of 37901.
151, 251
What are the prime factors of 1198?
2, 599
What are the prime factors of 546?
2, 3, 7, 13
What are the prime factors of 136083?
3, 45361
What are the prime factors of 3425?
5, 137
What are the prime factors of 4525?
5, 181
What are the prime factors of 61688?
2, 11, 701
List the prime factors of 565.
5, 113
List the prime factors of 62087.
47, 1321
List the prime factors of 61233.
3, 20411
What are the prime factors of 34876?
2, 8719
What are the prime factors of 2684?
2, 11, 61
What are the prime factors of 19466?
2, 9733
What are the prime factors of 1176?
2, 3, 7
List the prime factors of 2862.
2, 3, 53
What are the prime factors of 7268?
2, 23, 79
List the prime factors of 821.
821
What are the prime factors of 414?
2, 3, 23
List the prime factors of 1769.
29, 61
What are the prime factors of 3864?
2, 3, 7, 23
What are the prime factors of 865?
5, 173
List the prime factors of 6847.
41, 167
List the prime factors of 31647.
3, 7, 11, 137
List the prime factors of 10474.
2, 5237
List the prime factors of 919.
919
What are the prime factors of 93614?
2, 46807
What are the prime factors of 32404?
2, 8101
What are the prime factors of 45730?
2, 5, 17, 269
What are the prime factors of 80463?
3, 26821
What are the prime factors of 605?
5, 11
List the prime factors of 789.
3, 263
List the prime factors of 2725.
5, 109
List the prime factors of 17497.
17497
What are the prime factors of 105948?
2, 3, 109
List the prime factors of 20423.
13, 1571
What are the prime factors of 435?
3, 5, 29
What are the prime factors of 1319?
1319
List the prime factors of 2692.
2, 673
What are the prime factors of 8957?
13, 53
What are the prime factors of 3771?
3, 419
What are the prime factors of 17794?
2, 7, 31, 41
What are the prime factors of 269?
269
What are the prime factors of 3100?
2, 5, 31
List the prime factors of 11563.
31, 373
What are the prime factors of 30936?
2, 3, 1289
What are the prime factors of 455?
5, 7, 13
List the prime factors of 38161.
31, 1231
List the prime factors of 12455.
5, 47, 53
What are the prime factors of 6091?
6091
List the prime factors of 7016.
2, 877
List the prime factors of 47201.
7, 11, 613
What are the prime factors of 26514?
2, 3, 491
List the prime factors of 127914.
2, 3, 21319
What are the prime factors of 17787?
3, 7, 11
List the prime factors of 2301.
3, 13, 59
List the prime factors of 1405.
5, 281
What are the prime factors of 38882?
2, 19441
List the prime factors of 821.
821
What are the prime factors of 2356?
2, 19, 31
What are the prime factors of 748?
2, 11, 17
What are the prime factors of 7133?
7, 1019
List the prime factors of 40636.
2, 10159
What are the prime factors of 108779?
11, 29, 31
List the prime factors of 21360.
2, 3, 5, 89
List the prime factors of 86516.
2, 43, 503
List the prime factors of 1675.
5, 67
List the prime factors of 12412.
2, 29, 107
List the prime factors of 41018.
2, 20509
What are the prime factors of 41288?
2, 13, 397
List the prime factors of 12135.
3, 5, 809
What are the prime factors of 7119?
3, 7, 113
List the prime factors of 5497.
23, 239
What are the prime factors of 2101?
11, 191
List the prime factors of 305.
5, 61
List the prime factors of 1946.
2, 7, 139
List the prime factors of 22105.
5, 4421
List the prime factors of 119718.
2, 3, 739
What are the prime factors of 3134?
2, 1567
List the prime factors of 711.
3, 79
List the prime factors of 15267.
3, 7, 727
List the prime factors of 55119.
3, 19, 967
What are the prime factors of 6666?
2, 3, 11, 101
What are the prime factors of 13246?
2, 37, 179
What are the prime factors of 70873?
11, 17, 379
What are the prime factors of 764?
2, 191
List the prime factors of 12590.
2, 5, 1259
List the prime factors of 445.
5, 89
List the prime factors of 64.
2
What are the prime factors of 770?
2, 5, 7, 11
What are the prime factors of 73352?
2, 53, 173
What are the prime factors of 77116?
2, 13, 1483
What are the prime factors of 2376?
2, 3, 11
List the prime factors of 31591.
7, 4513
List the prime factors of 75809.
41, 43
List the prime factors of 278.
2, 139
What are the prime factors of 424?
2, 53
What are the prime factors of 13962?
2, 3, 13, 179
List the prime factors of 66991.
31, 2161
List the prime factors of 12704.
2, 397
What are the prime factors of 107833?
11, 9803
List the prime factors of 14774.
2, 83, 89
What are the prime factors of 23253?
3, 23, 337
List the prime factors of 28903.
7, 4129
What are the prime factors of 16132?
2, 37, 109
What are the prime factors of 52120?
2, 5, 1303
What are the prime factors of 4367?
11, 397
List the prime factors of 7428.
2, 3, 619
List the prime factors of 5871.
3, 19, 103
List the prime factors of 12104.
2, 17, 89
List the prime factors of 3650.
2, 5, 73
List the prime factors of 2275.
5, 7, 13
List the prime factors of 43166.
2, 113, 191
List the prime factors of 4602.
2, 3, 13, 59
List the prime factors of 4781.
7, 683
What are the prime factors of 4963?
7, 709
What are the prime factors of 2052?
2, 3, 19
List the prime factors of 56.
2, 7
What are the prime factors of 358?
2, 179
List the prime factors of 146099.
146099
List the prime factors of 7829.
7829
What are the prime factors of 8581?
8581
What are the prime factors of 1110?
2, 3, 5, 37
What are the prime factors of 109?
109
List the prime factors of 391.
17, 23
List the prime factors of 28139.
19, 1481
What are the prime factors of 1583?
1583
What are the prime factors of 613?
613
What are the prime factors of 951?
3, 317
What are the prime factors of 15095?
5, 3019
List the prime factors of 2983.
19, 157
What are the prime factors of 11?
11
List the prime factors of 396.
2, 3, 11
List the prime factors of 4467.
3, 1489
What are the prime factors of 11372?
2, 2843
List the prime factors of 15678.
2, 3, 13, 67
What are the prime factors of 68928?
2, 3, 359
List the prime factors of 711.
3, 79
List the prime factors of 4209.
3, 23, 61
List the prime factors of 9238.
2, 31, 149
What are the prime factors of 188649?
3, 17, 137
What are the prime factors of 685?
5, 137
What are the prime factors of 8064?
2, 3, 7
List the prime factors of 1686.
2, 3, 281
What are the prime factors of 58523?
43, 1361
What are the prime factors of 3463?
3463
What are the prime factors of 2891?
7, 59
List the prime factors of 17176.
2, 19, 113
What are the prime factors of 1932?
2, 3, 7, 23
List the prime factors of 3831.
3, 1277
What are the prime factors of 30440?
2, 5, 761
What are the prime factors of 5396?
2, 19, 71
List the prime factors of 3735.
3, 5, 83
List the prime factors of 16312.
2, 2039
List the prime factors of 1580.
2, 5, 79
List the prime factors of 143.
11, 13
What are the prime factors of 20744?
2, 2593
What are the prime factors of 82693?
13, 6361
What are the prime factors of 367?
367
What are the prime factors of 1680?
2, 3, 5, 7
What are the prime factors of 143?
11, 13
List the prime factors of 199.
199
List the prime factors of 5782.
2, 7, 59
List the prime factors of 67430.
2, 5, 11, 613
What are the prime factors of 351?
3, 13
What are the prime factors of 616?
2, 7, 11
List the prime factors of 1095.
3, 5, 73
List the prime factors of 1983.
3, 661
List the prime factors of 1333.
31, 43
What are the prime factors of 7954?
2, 41, 97
What are the prime factors of 44956?
2, 11239
What are the prime factors of 5905?
5, 1181
List the prime factors of 3735.
3, 5, 83
List the prime factors of 1613.
1613
What are the prime factors of 9737?
7, 13, 107
What are the prime factors of 8163?
3, 907
What are the prime factors of 28941?
3, 11, 877
What are the prime factors of 5140?
2, 5, 257
What are the prime factors of 64834?
2, 7, 11, 421
What are the prime factors of 87975?
3, 5, 17, 23
What are the prime factors of 7257?
3, 41, 59
What are the prime factors of 1168?
2, 73
What are the prime factors of 4901?
13, 29
List the prime factors of 548.
2, 137
What are the prime factors of 72678?
2, 3, 12113
List the prime factors of 4210.
2, 5, 421
What are the prime factors of 4153?
4153
List the prime factors of 3959.
37, 107
What